d by 26311732?
11
Calculate the remainder when 1045775 is divided by 887.
2
What is the remainder when 146892 is divided by 4319?
46
Calculate the remainder when 42707946 is divided by 4872.
4866
What is the remainder when 1506422 is divided by 24?
14
What is the remainder when 18098074 is divided by 18098067?
7
Calculate the remainder when 7427 is divided by 2685.
2057
What is the remainder when 27293990 is divided by 6882?
6860
Calculate the remainder when 25893 is divided by 593.
394
What is the remainder when 30312 is divided by 5896?
832
Calculate the remainder when 524091 is divided by 978.
861
Calculate the remainder when 338072 is divided by 4250.
2322
What is the remainder when 11731483 is divided by 1173136?
123
Calculate the remainder when 135326 is divided by 127.
71
Calculate the remainder when 304598 is divided by 50764.
14
What is the remainder when 29736060 is divided by 2432?
2428
What is the remainder when 12097780 is divided by 68?
36
What is the remainder when 6507068 is divided by 265?
258
What is the remainder when 2008832 is divided by 286974?
14
Calculate the remainder when 21809332 is divided by 3148.
3136
Calculate the remainder when 4696684 is divided by 1565560.
4
Calculate the remainder when 1456878 is divided by 112067.
7
What is the remainder when 25227 is divided by 226?
141
What is the remainder when 80958 is divided by 4761?
21
Calculate the remainder when 8942754 is divided by 4471371.
12
What is the remainder when 19977287 is divided by 138?
131
Calculate the remainder when 243759 is divided by 5666.
121
Calculate the remainder when 417296 is divided by 138946.
458
What is the remainder when 54321439 is divided by 18107133?
40
What is the remainder when 243497 is divided by 22124?
133
Calculate the remainder when 1084984 is divided by 34.
10
What is the remainder when 162853 is divided by 11231?
5619
Calculate the remainder when 75730 is divided by 37.
28
Calculate the remainder when 609783 is divided by 412.
23
Calculate the remainder when 39801781 is divided by 1871.
1869
What is the remainder when 28031432 is divided by 17?
13
What is the remainder when 5615499 is divided by 935914?
15
Calculate the remainder when 21213250 is divided by 1010154.
16
What is the remainder when 460552 is divided by 4141?
901
Calculate the remainder when 2559006 is divided by 852994.
24
What is the remainder when 826090 is divided by 5697?
25
What is the remainder when 8980439 is divided by 1982?
1979
What is the remainder when 169864 is divided by 453?
442
Calculate the remainder when 80965 is divided by 80044.
921
Calculate the remainder when 249752 is divided by 106.
16
What is the remainder when 44009381 is divided by 459?
2
What is the remainder when 558453 is divided by 6567?
258
What is the remainder when 395437832 is divided by 1071?
1070
What is the remainder when 413704 is divided by 1172?
1160
Calculate the remainder when 540689 is divided by 28.
9
Calculate the remainder when 9340682 is divided by 131.
120
Calculate the remainder when 4455819 is divided by 2737.
2720
What is the remainder when 4775408 is divided by 57?
5
Calculate the remainder when 144646151 is divided by 4185.
4181
Calculate the remainder when 2420950 is divided by 12.
10
Calculate the remainder when 132429263 is divided by 354.
341
What is the remainder when 217916 is divided by 24159?
485
What is the remainder when 274208 is divided by 7242?
6254
Calculate the remainder when 74952 is divided by 74256.
696
What is the remainder when 22293 is divided by 373?
286
What is the remainder when 52267 is divided by 3717?
229
Calculate the remainder when 4894971 is divided by 1277.
230
Calculate the remainder when 596829 is divided by 33157.
3
Calculate the remainder when 59942649 is divided by 2436.
2433
Calculate the remainder when 235168 is divided by 181.
49
What is the remainder when 20964091 is divided by 1233179?
48
Calculate the remainder when 1167254 is divided by 233248.
1014
What is the remainder when 295078 is divided by 2086?
952
Calculate the remainder when 102725218 is divided by 13.
11
Calculate the remainder when 367061 is divided by 2352.
149
Calculate the remainder when 751065588 is divided by 4033.
4031
What is the remainder when 4129493 is divided by 8?
5
What is the remainder when 769409 is divided by 153877?
24
Calculate the remainder when 185920 is divided by 1999.
13
What is the remainder when 396324 is divided by 396064?
260
Calculate the remainder when 1026676 is divided by 617.
605
What is the remainder when 63028 is divided by 595?
553
What is the remainder when 9882305 is divided by 3294101?
2
Calculate the remainder when 149375 is divided by 2811.
392
Calculate the remainder when 18155 is divided by 12779.
5376
What is the remainder when 26074 is divided by 12845?
384
What is the remainder when 85046543 is divided by 13?
10
Calculate the remainder when 822295 is divided by 273894.
613
What is the remainder when 218418 is divided by 16?
2
Calculate the remainder when 107408 is divided by 26782.
280
What is the remainder when 213924 is divided by 71228?
240
What is the remainder when 3449007 is divided by 689737?
322
Calculate the remainder when 82126880 is divided by 36.
8
Calculate the remainder when 4372167 is divided by 2283.
222
What is the remainder when 3931593 is divided by 9122?
11
Calculate the remainder when 63319409 is divided by 3183.
3173
What is the remainder when 5419331 is divided by 2641?
2640
Calculate the remainder when 8963821 is divided by 45968.
61
Calculate the remainder when 3287125 is divided by 210.
205
Calculate the remainder when 5555988 is divided by 380.
8
What is the remainder when 1546177 is divided by 1546009?
168
Calculate the remainder when 1222559 is divided by 1727.
1570
Calculate the remainder when 1104139917 is divided by 2227.
2225
Calculate the remainder when 18292452 is divided by 86.
80
Calculate the remainder when 68336 is divided by 13285.
1911
Calculate the remainder when 1478254 is divided by 86936.
342
Calculate the remainder when 3829674 is divided by 9456.
9450
Calculate the remainder when 580154 is divided by 61.
44
Calculate the remainder when 376502 is divided by 75021.
1397
Calculate the remainder when 697619 is divided by 6907.
12
What is the remainder when 117742 is divided by 10703?
9
What is the remainder when 8386116 is divided by 18677?
143
Calculate the remainder when 7017552 is divided by 42.
24
Calculate the remainder when 873948895 is divided by 1549.
1546
Calculate the remainder when 20980 is divided by 195.
115
Calculate the remainder when 1547065 is divided by 38.
9
What is the remainder when 3108 is divided by 410?
238
What is the remainder when 4969967 is divided by 4969907?
60
What is the remainder when 301082976 is divided by 35?
26
Calculate the remainder when 3011792 is divided by 1003514.
1250
Calculate the remainder when 167270 is divided by 23812.
586
Calculate the remainder when 325316 is divided by 11215.
81
Calculate the remainder when 14642011 is divided by 3264.
2971
Calculate the remainder when 12089797 is divided by 17.
9
Calculate the remainder when 880220 is divided by 692.
688
Calculate the remainder when 387906 is divided by 111.
72
What is the remainder when 1521436 is divided by 19748?
840
What is the remainder when 39457 is divided by 1928?
897
Calculate the remainder when 1813912 is divided by 34878.
256
Calculate the remainder when 74377458 is divided by 24792478.
24
Calculate the remainder when 1284689 is divided by 984.
569
What is the remainder when 4304633 is divided by 80?
73
Calculate the remainder when 4438785 is divided by 2219374.
37
Calculate the remainder when 8400130 is divided by 5024.
2
Calculate the remainder when 35603452 is divided by 114.
112
What is the remainder when 7909757 is divided by 8063?
8017
Calculate the remainder when 309776 is divided by 1370.
156
Calculate the remainder when 6293547 is divided by 3674.
3659
Calculate the remainder when 6929 is divided by 1312.
369
What is the remainder when 288006929 is divided by 2267771?
12
Calculate the remainder when 695445 is divided by 1668.
1557
What is the remainder when 927247346 is divided by 47?
44
What is the remainder when 19759 is divided by 1667?
14